40 - (-32 + 15 + 11).
46
(1 - 69) + (-3 - 4 - (118 + -131))
-62
Evaluate 18 - -2 - (-1167 - -1145).
42
57 - ((-3 - 0) + 1 + -13 - (-270 - -265))
67
Evaluate 75 - (93 + (-50 - 36) + -1 + -2 + 0).
71
What is -3 + 18 - (3 + 60 - (-11 - 8))?
-67
Calculate -10 - (16 + 0 + 70 + -104).
8
What is the value of -133 + (-132 - (-81 + -70))?
-114
1 + (5 - (16 + -27 + (-1 - 7)))
25
Calculate 2 + (11 - (-26 - -27 - (1 + -8)) - 1).
4
Calculate 29 + 69 - (76 + 121).
-99
Evaluate 12 - 0 - (20 - 49 - (-4 - 13)).
24
What is 56 - 58 - (-2 - (-20 + 9))?
-11
Evaluate 4 + -24 - -5 - (108 + -115).
-8
Calculate -11 - (-7 + 24 - 9).
-19
Evaluate (-2 - (-3 + 2 - -6) - -7) + 33 + -11.
22
What is -10 + 8 + 9 - -4 - (0 - (-56 - -14))?
-31
((6 - 12) + -1 + 17 - (92 + -32)) + -6
-56
Evaluate -15 + 42 + (-3 - 11) + (-6 - 3).
4
What is (0 - -34) + (-150 - (-129 + -39))?
52
Evaluate -41 + 3 + 20 - -24 - 101.
-95
Evaluate (7 - (-7 - -18)) + 12 - (76 + -2).
-66
Evaluate (-76 - -2) + (-145 - (194 + -327)).
-86
7 + (-6 - -10) - (-9 + (-23 - 13) + 21)
35
60 - 155 - (-1 - 64)
-30
-11 - 10 - (15 - (-3 - -4) - 6)
-29
Calculate -37 - (-52 - -19) - (4 - (12 - (1 + -1))).
4
(26 - -21) + -88 - (2 + (5 - 0))
-48
What is (-40 - (-30 - 40)) + -20?
10
What is 47 + (-59 - (-31 - -29))?
-10
-141 + -3 + (6 + -11 + 6 + 14 - 13)
-142
Evaluate -30 + 21 - (190 + -288).
89
What is the value of -98 + -5 + 5 + 0 + (38 - 34)?
-94
1 - 7 - (2378 + -2305)
-79
Calculate (50 + -15 - (17 - 5)) + 2 + -2 + -2.
21
What is the value of (10 - -7) + (4 - (25 - -39))?
-43
What is (0 - -41) + (-276 - -145) + 112?
22
-70 + 15 + (-306 - -404)
43
What is the value of -48 - -4 - (524 + -579)?
11
(4 - 17) + (-2 - 1) + -111 + 112
-15
What is the value of 1 + -38 + 4 - (-44 - (47 - 86))?
-28
Evaluate (80 - 0) + (-99 + 48 - -33).
62
-117 - (-65 - (102 - 125))
-75
What is the value of (39 - -2) + -59 + 13?
-5
-5 + (39 - -18 - (-15 - 19))
86
Calculate -44 + 3 - (-15 + -14).
-12
What is 1 + (-17 - 31) + 24 + -7?
-30
What is 63 - 51 - (1 - -38)?
-27
42 + (-653 - -609) + 88 + -1
85
Evaluate 4 + -23 - -30 - (-27 + 144).
-106
Calculate 1 + (2 - (1 + 5 + -3)) + (-85 - -26).
-59
What is the value of 13 + -7 + 13 + -17 + 10?
12
Evaluate (-1 - -13) + (132 - (190 + -76)).
30
Evaluate (5414 - 5410) + -50 + 0.
-46
What is the value of -52 + 59 + -86 + -14?
-93
(-33 - 0) + (-13 - -2) + (-3 - (-13 - 1))
-33
Evaluate 119 + -105 + 62 - 56.
20
Calculate (-58 - -29) + 68 + 2 + -4 + 1 + -3.
35
What is 55 + -35 - -39 - 10?
49
Calculate (2 - 114) + (1481 - 1450).
-81
What is the value of -23 + -44 + (-22 - -21)?
-68
Calculate -28 + 33 - (10 - (-7 + 8)).
-4
What is (1 - 14) + -42 + 29 + 21 - -38?
33
What is -1 - (-11 + 4 + -3 + (-8 - -10)) - 13?
-6
Evaluate (0 + 10 + -7 + 1 - 22) + -11.
-29
43 - (23 - (-61 - -18))
-23
Evaluate -59 + 28 + 56 + -147 - (1 + -18).
-105
What is 850 + -926 + 2 + 32?
-42
Calculate -2 + (9 - 3) - ((12 - 0) + (15 - 32)).
9
What is the value of -388 - -495 - ((-11 - (14 - 30)) + 8 + -1)?
95
(-43 - 0) + 391 + -372
-24
Evaluate 23 - 73 - (-55 + -1).
6
3 - (-3 - (5 + -12) - (40 + -27 + 42))
54
Evaluate -1 + -34 + (67 + -18 - 46).
-32
-37 + 20 + (-1 - 5) + (1 - 8)
-30
What is the value of 89 - 192 - -61 - -1?
-41
What is the value of -3 + 1 + -11 + 8 + (-7 - -8)?
-4
What is (156 - -14) + -208 + 47?
9
(-48 - -93) + -11 - (-18 - 12)
64
Calculate 14 + -31 + 22 - (-31 + 13).
23
What is the value of 91 + (8 + 0 + 10 - (156 + -141))?
94
What is (-14 - -5) + -5 + 3 + 8 - (45 + 2)?
-50
Evaluate -79 + 2 - (-202 + (-112 - -331)).
-94
What is (334 - 318) + (3 - 43) + 5?
-19
Evaluate 2 + -33 + -9 + 51 + (-10 - (-3 + 1)).
3
What is the value of 47 + -32 + 33 - 71?
-23
Evaluate (-6 - (12 - 30)) + 41 - (2 + -2 - -1).
52
37 - ((51 - -77) + -21)
-70
Evaluate -5 - (-20 + (11 - (10 + -1))) - -13.
26
Calculate -177 + 176 + 1 + 9 - (-32 - 1).
42
-67 - (-13 - 22) - 21
-53
Calculate 51 - 51 - (65 + 7 + -17).
-55
Calculate 26 + -8 - -17 - 83.
-48
What is 96 - ((-56 - 32) + 107)?
77
Evaluate 78 - (5 + 5 + -23 + 4 + 22 + -7).
72
What is (-737 + 647 - (-2 + 18)) + 13?
-93
What is the value of -10 + (-1 - -1) - (85 - 98)?
3
What is 6 + 43 + (-40 - -23) - -33?
65
Calculate (-682 - -634) + (3 - -2).
-43
Evaluate 56 + -22 + -11 + 33 + -1 + -3.
52
What is 12 + (-39 - -54 - 2) - (4 - 1)?
22
What is the value of -4 - 14 - (-331 + 328 - (-2 - 10))?
-27
What is the value of 3 + -9 + 3 + (99 - (171 - 56))?
-19
-67 + (-15 - 2 - (-10 + 42 + -43))
-73
(-15 - (-40 - -12) - 12) + 29 + 1
31
(-223 + 193 - (1 - 0)) + -8 + 27
-12
Evaluate 16 + (-7 + -71 - 2).
-64
Evaluate (2 + -3 - (-4 + -46)) + 9 + -23.
35
What is the value of 7 + (-28 - (-31 - 16))?
26
What is -18 - (30 - (3 - -1 - (-17 - -8)))?
-35
Evaluate -4 + 1 + 15 - (45 + 0 - (-1 - -5)).
-29
-69 - (-17 + -49 + 30)
-33
Evaluate (38 - 71) + 17 + 55.
39
Evaluate -3 + (-15 + 32 + -28 + 2 + -1 - -79).
66
What is the value of -5 + 22 + 7 + 7 - 17?
14
Calculate 9 + 4 - (90 + (43 - 61)).
-59
6 + (-30 - -38) + -42
-28
Evaluate (124 - (69 - 23)) + -42.
36
Evaluate -8 + (3 + -22 - -11) + -74.
-90
What is the value of 1 + (0 - 2 - (0 + -27) - (537 + -533))?
22
What is -13 - (91 + (-4 - 2) + (-3 - -5 - 1))?
-99
Evaluate (20 - 1) + (84 - (-71 - -20)) + -38.
116
What is (-27 - (11 - 15 - 73)) + -24?
26
Evaluate -56 + 68 + -27 + -10.
-25
What is 82 - 0 - (2270 - 2258)?
70
-16 + (-7 - -11 - (-91 + 6)) + 13
86
What is 15 + ((3 - 7) + 19 - (105 - 84))?
9
-414 - -370 - (-5 + 1 + -1 + -2)
-37
What is the value of 24 - (72 - (-69 + 48))?
-69
Evaluate 10 + 47 + -12 - ((-81 - -75) + 2 + 9).
40
Calculate 1 + 7 + (-57 - (-54 + -43)).
48
What is the value of -6 + 40 + (10 - (10 - 9)) + -14?
29
What is 2 - (-12 + 21 - 12 - (-2 - -11)) - 1?
13
(63 - (-45 - -121)) + (16 - 2) - -81
82
What is 23 - (118 + -83 - 66)?
54
28 - (60 - (6 - 7))
-33
Calculate -5 + 5 - 4 - (546 + -592).
42
What is -96 + (10 - -88 - -36)?
38
Evaluate 8 + -12 - -49 - 30.
15
Calculate 367 - 327 - (1 - -7) - 19.
13
Evaluate 19 + (-18 - -7) - (1 - 1 - 2 - -13).
-3
Evaluate (1 - 1) + (17 - -4 - (-2 + (52 - 38))).
9
Calculate -87 + 86 + 16 + -79.
-64
What is -50 + (0 - -6) - (-4 + 2)?
-42
What is the value of (2 - 93) + 40 + (-36 + 18 - 24)?
-93
Evaluate -74 + 1 - (18 + -22 - (6 - 1) - -13).
-77
Evaluate 15 - ((-139 - -145 - (-12 - 1)) + -24).
20
What is -57 + -8 + (31 - (5 - 0))?
-39
What is (-8 - -2) + 15 + -3 + -77 - 5?
-76
What is -59 - (15 + -26 - -19 - 2) - -16?
-49
Calculate 59 - (-39 - (-112 - -46)).
32
What is the value of 70 + (-107 + -31 - 24)?
-92
Evaluate -8 + (3 - 6) - (-7 + (9 - (-6 + 47))).
28
What is 75 + 49 + -34 + -21 + -11?
58
Calculate (-17 + 45 + 5 + -11 - (12 + -1)) + 4.
15
What is the value of (11 - (-1 - -1)) + 51 + (-79 - (-68 - 48))?
99
20 - (-20 + 42 + 10) - -47
35
Calculate -6 + 0 + (-4 - (28 - 23) - -3).
-12
What is the value of 5 + 11 + -6 + -22 + -73?
-85
Evaluate 98 - 55 - 32 - -21.
32
Evaluate 14 + (-5 + 21 + -42 - 10).
-22
8 - (39 - 0) - (7 + -26)
-12
What is the value of 564 + -527 - (-2 + 85)?
-46
8 + (1 - -1) + (-5 + (21 - 5) - 10)
11
Calculate -48 + (26 - (-31 - -2)) + (-50 - 1).
-44
Calculate -1 + -16 - (828 + -768) - (1 + 10).
-88
What is the value of 36 - 2 - (26 + -38 - 16)?
62
Evaluate 0 + (5 - (-3 - -5)) + -3 - -35 - -9.
44
What is (14647 - 14705) + (-1 - -103)?
44
(10 - (-1 + -36 - -32 - (0 + -16))) + -12
-13
Evaluate 6 + (23 - (16 - 19)) - 2.
30
Evaluate -2 + 1 + 0 + 18 + (-27575 - -27577).
19
Calculate (-2 - 10) + (85 - 115 - -111).
69
Calculate 13 + 42 - (404 + -410).
61
Calculate 18 + -64 + (-35 - -61).
-20
-3 + 4 + -1 + -8 + -53 - -6
-55
Calculate 0 + 17 + (455 + -417 - (0 + 25)).
30
Evaluate 26 - (-27 - (-12 - -1 - (1 + 1))).
40
Calculate -44 + (38 - (-17 + -4)) - (1 - (-128 + -1)).
-115
76 + ((7 - 6) + (-22 - -9 - -12) - 2)
74
What is the value of -11 + (4 - 2) + (-24 - (-10 - 5))?
-18
What is the value of (-31 - -13 - -1) + (4 - 32) + 10?
-35
What is the value of (-9 - -18) + 1 + 1 - (-28 - (22 + -23))?
38
What is the value of (-291 - (-87 - 11)) + 78?
-115
What is (-85 - (51 - 109)) + 35?
8
Calculate (58 - -1) + (956 - 982) + 28.
61
Calculate -5134 + 5037 - (2 - -23).
-122
What is -93 + -11 + (119 - 78)?
-63
5 - 2 - (61 + -224 + 91)
75
What is the value of -1 - -22 - (3 + (-13 - (-8 + 10)))?
33
Evaluate 47 + (12 - 32) - 